*k + 246, 2*k + d - 125 = 0. What is the greatest common factor of k and g?
7
Let l be (-136)/(-4) + -2 + 0 + 0. Suppose 0*w = w - 8. What is the greatest common factor of w and l?
8
Let j(n) = -n - 2. Let k be j(-5). What is the highest common divisor of k and 15?
3
Suppose k + 2 - 10 = 4*y, 0 = -y + 1. What is the greatest common divisor of 18 and k?
6
Let y = -7 + 70. What is the greatest common divisor of 9 and y?
9
Suppose -5*b + 70 = -3*b. What is the greatest common factor of b and 14?
7
Let z be 8/3 - (-7)/21. Suppose -3*m = z*x - 1 - 137, 229 = 5*m + 4*x. Calculate the greatest common factor of m and 5.
5
Let d be -10*(-4)/8 - -112. What is the greatest common divisor of d and 13?
13
Let l be 4 + -1 - (12 + -11). Suppose l*m - 390 = -86. Calculate the highest common divisor of m and 19.
19
Suppose 4*h - 25 - 23 = 0. Calculate the highest common factor of 6 and h.
6
Let n = 23 - 22. Let f be (-5)/10*1*-10. What is the greatest common factor of n and f?
1
Let d = -15 - -3. Let j be d/(-1) + (0 - -1). What is the greatest common divisor of 117 and j?
13
Suppose 7*g - 20 = 2*g. Let n be (-15)/(-20) + 113/g. Calculate the highest common divisor of 58 and n.
29
Let q be (-1)/(-2)*0/(-2). Suppose 3*m = 13 + 5. Suppose x - i = -x + m, q = -x + 2*i. Calculate the greatest common divisor of x and 10.
2
Suppose -5*v = -5*n - 1530, 4*n + 531 = 3*v - 388. Suppose -4*w + v = -223. What is the greatest common factor of 12 and w?
12
Suppose j - 15 = 20. What is the highest common factor of j and 5?
5
Let u be (-2)/(-8) + 156/16. Let s be 8/(-40) - (-142)/u. Calculate the greatest common factor of 98 and s.
14
Suppose 0 = 3*d + 3, r + 2*r - 5*d - 35 = 0. Suppose 3*w - r = w. What is the greatest common divisor of w and 35?
5
Let i(z) = z - 9. Suppose 49 = 5*k - 6. Let t be i(k). Suppose 0 + 14 = t*c. Calculate the greatest common factor of 56 and c.
7
Let b(m) = -m**3 + 6*m**2 - 2*m + 4. Let r be b(6). Let l be (-2)/4*(1 + 1). Let a = l - r. What is the highest common factor of a and 7?
7
Let f(a) = -5 + a + 2*a + 7*a + 0*a. Let s be f(4). What is the highest common divisor of 14 and s?
7
Let a(l) = -30*l**3 + l**2 - 4*l - 4. Let c be a(-2). Calculate the greatest common factor of 31 and c.
31
Let a be ((-12)/(-15))/(1/5). Suppose -3*c + a*r = -0*c - 31, -10 = -5*r. Let x be ((-208)/3)/(-4)*6. What is the highest common divisor of c and x?
13
Suppose 2*d = -0*d + 72. Let o be ((-1)/2)/((-2)/44). Suppose -o = -4*v + 37. What is the greatest common factor of v and d?
12
Suppose 162*s - 595 = 157*s. Let a be (-2)/(-3) - (-49)/3. Calculate the greatest common divisor of s and a.
17
Let f(g) = 4*g + 7. Let x be 2/8 + 426/24. Suppose -3*a - 4*n = -13, -2*a + 2*n = -0*n - x. Let z be f(a). What is the highest common factor of 14 and z?
7
Let t = 78 + -2. Calculate the greatest common divisor of t and 19.
19
Let q(v) = v**2 + 4. Let w be q(0). Suppose -3*b - 5*l - 45 = -w*b, b + l = 45. Calculate the greatest common divisor of b and 30.
15
Let u be (-47)/7 - 4/14. Let t = u - -10. Calculate the highest common divisor of t and 12.
3
Suppose 3*r = 3 + 12. Suppose d = r*d. Suppose -2*v - b = -44, 2*v + 0*v + 4*b - 44 = d. What is the highest common divisor of v and 242?
22
Suppose 2*m + 16 + 12 = 4*a, -5*m - 35 = -5*a. What is the greatest common divisor of 14 and a?
7
Let m(u) = -2*u - 7. Let r be m(-7). Suppose -3*i + r*i - 280 = 2*g, g = -3*i + 200. What is the greatest common factor of 17 and i?
17
Let l be (-306 - -3)*2/6. Let a = 141 + l. What is the greatest common factor of 8 and a?
8
Let w be 14 + (0 - -2) + 0. Let d = -11 + w. Suppose 0 = -2*z + d*z - 12. Calculate the greatest common factor of z and 4.
4
Suppose 4*l + 3*m + 2*m - 71 = 0, 2*m = 2*l - 58. Suppose -2*f + 2 = -k - 4, 4*f - l = -4*k. What is the greatest common divisor of 2 and k?
2
Suppose 2 = n - 3. Suppose -s + 31 = n*o, 3*s + 4*o - 5*o - 45 = 0. What is the greatest common divisor of s and 16?
16
Suppose 11 = 2*m + 3. Let p(h) = 17*h**2 - 1. Let z be p(-1). Suppose 46 = 4*r - 2*d + z, 4*d = -5*r + 18. What is the highest common factor of m and r?
2
Suppose -2*r = 2*p - 82, 4*p = p + 4*r + 151. Suppose -y = 3*t - 81, y - 366 = -3*y + 2*t. Let k = y + -60. What is the greatest common divisor of k and p?
15
Suppose -4*j - 4*l = -40, -4*j - 2*l + 44 = l. Calculate the greatest common divisor of 42 and j.
14
Suppose s - h - 49 = 0, -2*h + 52 = 5*s - 228. Calculate the greatest common divisor of 36 and s.
18
Suppose -3*x = -2 + 11. Let q(i) = -2*i**3 + 3*i**2 - 1. Let j be q(x). Suppose 3*k = -2*k + j. Calculate the highest common divisor of k and 2.
2
Suppose -l + w = 2*w - 125, 3*l + 2*w = 380. Suppose 0 = x + x + 8. Let n be x*21/(-6) - 1. What is the highest common factor of n and l?
13
Let o(p) = -p**3 + 7*p**2 + p + 4. Let v be o(7). What is the greatest common divisor of v and 88?
11
Let u = 57 + -86. Let c = -21 - u. What is the highest common divisor of c and 2?
2
Let y(n) = -2*n + 5. Let c be y(-5). What is the highest common factor of 45 and c?
15
Let m(n) = n**2 - 7*n + 24. Let b be m(10). What is the highest common factor of b and 72?
18
Suppose 4*w = 4*g - 152, 0 = 2*w - 0*w - 3*g + 79. Let c be (0 + 2)/((-10)/w). Calculate the greatest common divisor of 77 and c.
7
Let o = -3 - -3. Suppose 4*a - 4 = o, -2*a - 20 = -s + a. Let n = s - 15. What is the greatest common factor of n and 24?
8
Let m = 13 + -8. Let l(b) = -2*b - 9. Let r(k) = 5*k + 28. Let z(j) = 11*l(j) + 4*r(j). Let c be z(6). Calculate the highest common factor of c and m.
1
Suppose 9 = 5*f - 1. Suppose b + 8 = k + 38, f*k = -2*b + 52. What is the highest common factor of 70 and b?
14
Let t(q) be the third derivative of q**4/24 - 5*q**3/6 + 4*q**2. Let y be t(6). Calculate the greatest common factor of 5 and y.
1
Suppose 0 = 6*t - 72 - 72. What is the greatest common factor of t and 12?
12
Let x be ((-1)/(-2)*-3)/((-3)/6). Calculate the greatest common divisor of 27 and x.
3
Let i = 7 - 4. Let n(d) = -7 + i*d + 4 - 6. Let a be n(7). What is the highest common divisor of 24 and a?
12
Let m be (1/(-2))/((-2)/304). Suppose j - 3 = -f + 9, -3*j + 5*f + m = 0. Calculate the highest common divisor of j and 85.
17
Suppose -3*j + 45 = -5*k + 359, -5*k + 310 = -5*j. Let q(h) = -h**3 - 6*h**2 - 4*h - 8. Let v be q(-6). Calculate the highest common factor of k and v.
16
Let p be (9/(-6))/((-1)/2). Let r be p - (2 - 1) - 1. What is the greatest common factor of 10 and r?
1
Let s(w) = -w**3 - 10*w**2 + 2*w - 27. Let a be s(-11). Calculate the highest common factor of 108 and a.
36
Let f(a) = 7*a**2 - 6*a - 3. Let y be f(-4). Let c = 10 - 8. Suppose 2*i = 5*i - u - 54, -i + c*u + 13 = 0. What is the greatest common factor of y and i?
19
Let y be 10/(-25) + 32/5. Suppose -2*t = -1 - 59. What is the greatest common factor of y and t?
6
Suppose 2*z - z - 11 = 0. Let m(s) = 33*s. Let d be m(3). What is the greatest common divisor of z and d?
11
Suppose 0 = -3*o + 282 + 33. Suppose -7 = -4*g + 1. Let f be 10*g - 2/(-2). What is the highest common divisor of o and f?
21
Suppose -39*w + 31*w = -464. Calculate the highest common divisor of 87 and w.
29
Let p(z) = z**3 + 9*z**2 - 11*z - 2. Suppose 7*h - 3*h + 40 = 0. Let x be p(h). Calculate the highest common factor of x and 24.
8
Let d be -44*-2*(-4)/(-32). Let b(q) = -1 - 3 + q + 26*q. Let f be b(3). Calculate the highest common divisor of d and f.
11
Let o be -21*(-1)/((-9)/(-12)). Suppose 0 = t + t - o. What is the highest common factor of t and 7?
7
Let u(z) = 19*z**2 + z - 3. Let o be ((-5)/(-3) - 2)*-9. Let w be u(o). What is the greatest common factor of 19 and w?
19
Suppose -2*z + 6*z = 176. Let g = 13 + -8. Suppose -g*c + 3*c = -8. Calculate the greatest common factor of c and z.
4
Let q = -6 - -18. Let k be (-236)/10 + 6/(-15). Let p be (k/10)/2*-10. What is the highest common factor of q and p?
12
Let c be 5 + -2 + (3 - 1). Let s(m) be the first derivative of 2*m**3/3 - 4*m**2 + 3*m - 6. Let n be s(c). Calculate the greatest common divisor of n and 52.
13
Suppose -4*u + 25 = c, -3*u = -4*u - 2*c + 15. Let f = -7 + 17. What is the greatest common divisor of f and u?
5
Let p be -1 - 2 - -1 - -27. Suppose 3*o - 22 = -10. Suppose 5*w - 150 = -5*h, -2*w = 4*h - o*w - 90. Wha